{"id":144,"date":"2025-05-14T07:47:19","date_gmt":"2025-05-14T07:47:19","guid":{"rendered":"https:\/\/eichhorn-lisa.web.kslinz.at\/wp25\/?page_id=144"},"modified":"2025-06-12T21:11:12","modified_gmt":"2025-06-12T21:11:12","slug":"startseite","status":"publish","type":"page","link":"https:\/\/eichhorn-lisa.web.kslinz.at\/wp25\/","title":{"rendered":"Startseite"},"content":{"rendered":"\n<blockquote class=\"wp-block-quote is-layout-flow wp-block-quote-is-layout-flow\">\n<p><strong>&#8222;Creativity is intelligence having fun.&#8220;<\/strong><br>\u2014 <em>Albert Einstein<\/em><\/p>\n<\/blockquote>\n\n\n\n<div style=\"height:100px\" aria-hidden=\"true\" class=\"wp-block-spacer\"><\/div>\n\n\n\n<h2 class=\"wp-block-heading\">My time-table (2nd grade) <\/h2>\n\n\n\n<div id=\"makeiteasy-back-to-top\" data-smooth-scroll=\"false\" data-enable-on-desktop=\"true\" data-break-point-mobile-desktop=\"768\" data-go-to-bottom=\"false\" style=\"--makeiteasy-back-to-top-opacity:0.7;--makeiteasy-back-to-top-visibility-transition-duration:0.3s;--makeiteasy-back-to-top-right:30px;--makeiteasy-back-to-top-bottom:30px\" class=\"wp-block-makeiteasy-back-to-top alignleft\">\n<div class=\"wp-block-button\"><a class=\"wp-block-button__link wp-element-button\" style=\"border-radius:9px;padding-top:12px;padding-right:12px;padding-bottom:12px;padding-left:12px\"><img loading=\"lazy\" decoding=\"async\" width=\"24\" height=\"24\" src=\"data:image\/svg+xml;base64,PHN2ZyB3aWR0aD0iMjQiIGhlaWdodD0iMjQiIHZlcnNpb249IjEuMSIgdmlld0JveD0iMCA5NiA0ODAgMjgzIiB4bWxucz0iaHR0cDovL3d3dy53My5vcmcvMjAwMC9zdmciPjxwYXRoIGQ9Im00MyAzNzktNDMtNDMgMjQwLTI0MCAyNDAgMjQwLTQzIDQzLTE5Ny0xOTd6IiBmaWxsPSIjZmZmIi8+PC9zdmc+Cg==\" alt=\"Back to top arrow\"><\/a><\/div>\n<\/div>\n\n\n\n<figure class=\"wp-block-flexible-table-block-table \/* Alle Zellen transparent machen *\/ table td {  background-color: transparent; } Erste Zeile (Header) braun einf\u00e4rben tr:first-child td, th #5A2616; Dein gew\u00fcnschter Braunton color: white; Falls du wei\u00dfe Schrift m\u00f6chtest popmake-13\"><table class=\"has-fixed-layout\" style=\"border-color:var(--nv-dark-bg, #582515)\"><tbody><tr><td style=\"border-color:var(--nv-dark-bg, #582515);background-color:var(--nv-dark-bg, #582515);color:var(--nv-text-dark-bg, #FFFFFF)\">Time<\/td><td style=\"border-color:var(--nv-dark-bg, #582515);background-color:var(--nv-dark-bg, #582515);color:var(--nv-text-dark-bg, #FFFFFF)\">Monday<\/td><td style=\"border-color:var(--nv-dark-bg, #582515);background-color:var(--nv-dark-bg, #582515);color:var(--nv-text-dark-bg, #FFFFFF)\">Tuesday<\/td><td style=\"border-color:var(--nv-dark-bg, #582515);background-color:var(--nv-dark-bg, #582515);color:var(--nv-text-dark-bg, #FFFFFF)\">Wednesday<\/td><td style=\"border-color:var(--nv-dark-bg, #582515);background-color:var(--nv-dark-bg, #582515);color:var(--nv-text-dark-bg, #FFFFFF)\">Thursday<\/td><td style=\"border-color:var(--nv-dark-bg, #582515);background-color:var(--nv-dark-bg, #582515);color:var(--nv-text-dark-bg, #FFFFFF)\">Friday<\/td><\/tr><tr><td style=\"border-color:var(--nv-dark-bg, #582515);background-color:var(--nv-site-bg, #F6F4F2)\">08:00 \u2013 08:50<\/td><td style=\"text-align:center;border-color:var(--nv-dark-bg, #582515);background-color:var(--nv-site-bg, #F6F4F2)\">AIF \/ ORH<br>228 \/ 2BHL<\/td><td style=\"text-align:center;border-color:var(--nv-dark-bg, #582515);background-color:var(--nv-site-bg, #F6F4F2)\">OM \/ RDL<br>228 \/ 2BHL<\/td><td style=\"text-align:center;border-color:var(--nv-dark-bg, #582515);background-color:var(--nv-site-bg, #F6F4F2)\">D\u00a0\/ MMR<br>228 \/ 2BHL<\/td><td style=\"text-align:center;border-color:var(--nv-dark-bg, #582515);background-color:var(--nv-site-bg, #F6F4F2)\">NWE \/ GEH<br>228 \/ 2BHL<\/td><td style=\"text-align:center;border-color:var(--nv-dark-bg, #582515);background-color:var(--nv-site-bg, #F6F4F2)\">AM \/ ORH<br>228 \/ 2BHL<\/td><\/tr><tr><td style=\"border-color:var(--nv-dark-bg, #582515);background-color:var(--nv-site-bg, #F6F4F2)\">08:55 \u2013 09:45<\/td><td style=\"text-align:center;border-color:var(--nv-dark-bg, #582515);background-color:var(--nv-site-bg, #F6F4F2)\">AIF \/ ORH<br>228 \/ 2BHL<\/td><td style=\"text-align:center;border-color:var(--nv-dark-bg, #582515);background-color:var(--nv-site-bg, #F6F4F2)\">OM \/ RDL<br>228 \/ 2BHL<\/td><td style=\"text-align:center;border-color:var(--nv-dark-bg, #582515);background-color:var(--nv-site-bg, #F6F4F2)\">CRW \/ PER<br>228 \/ 2BHL<\/td><td style=\"text-align:center;border-color:var(--nv-dark-bg, #582515);background-color:var(--nv-site-bg, #F6F4F2)\">E \/ KNZ<br>228 \/ 2BHL<\/td><td style=\"text-align:center;border-color:var(--nv-dark-bg, #582515);background-color:var(--nv-site-bg, #F6F4F2)\">RWCO \/ PER<br>228 \/ 2BHL<\/td><\/tr><tr><td style=\"border-color:var(--nv-dark-bg, #582515);background-color:var(--nv-site-bg, #F6F4F2)\">10:05 \u2013 10:55<\/td><td style=\"text-align:center;border-color:var(--nv-dark-bg, #582515);background-color:var(--nv-site-bg, #F6F4F2)\">REL \/ PRR<br>228 \/ 2BHL<\/td><td style=\"text-align:center;border-color:var(--nv-dark-bg, #582515);background-color:var(--nv-site-bg, #F6F4F2)\">D\u00a0\/ MMR<br>228 \/ 2BHL<\/td><td style=\"text-align:center;border-color:var(--nv-dark-bg, #582515);background-color:var(--nv-site-bg, #F6F4F2)\">MBK \/ LUS<br>ZS2 (307) \/ 2BHL<\/td><td style=\"text-align:center;border-color:var(--nv-dark-bg, #582515);background-color:var(--nv-site-bg, #F6F4F2)\">SPA \/ FNG<br>228 \/ 2BHL<\/td><td style=\"text-align:center;border-color:var(--nv-dark-bg, #582515);background-color:var(--nv-site-bg, #F6F4F2)\">GPB \/ KNZ<br>228 \/ 2BHL<\/td><\/tr><tr><td style=\"border-color:var(--nv-dark-bg, #582515);background-color:var(--nv-site-bg, #F6F4F2)\">11:00 \u2013 11:50<\/td><td style=\"text-align:center;border-color:var(--nv-dark-bg, #582515);background-color:var(--nv-site-bg, #F6F4F2)\">AM \/ ORH<br>228 \/ 2BHL<\/td><td style=\"text-align:center;border-color:var(--nv-dark-bg, #582515);background-color:var(--nv-site-bg, #F6F4F2)\">SPA \/ FNG<br>228 \/ 2BHL<\/td><td style=\"text-align:center;border-color:var(--nv-dark-bg, #582515);background-color:var(--nv-site-bg, #F6F4F2)\">MBK \/ LUS<br>ZS2 (307) \/ 2BHL<\/td><td style=\"text-align:center;border-color:var(--nv-dark-bg, #582515);background-color:var(--nv-site-bg, #F6F4F2)\">GWV \/ SPI<br>228 \/ 2BHL<\/td><td style=\"text-align:center;border-color:var(--nv-dark-bg, #582515);background-color:var(--nv-site-bg, #F6F4F2)\">GPB \/ KNZ<br>228 \/ 2BHL<\/td><\/tr><tr><td style=\"border-color:var(--nv-dark-bg, #582515);background-color:var(--nv-site-bg, #F6F4F2)\">11:55 \u2013 12:45<\/td><td style=\"text-align:center;border-color:var(--nv-dark-bg, #582515);background-color:var(--nv-site-bg, #F6F4F2)\">KMD1 \/ MAC<br>IN5 (K18) \/ 2BHL<\/td><td style=\"text-align:center;border-color:var(--nv-dark-bg, #582515);background-color:var(--nv-site-bg, #F6F4F2)\"><strong>DGF \/ HFR<\/strong><br>IN5 (K18)<br>2BHL<\/td><td style=\"text-align:center;border-color:var(--nv-dark-bg, #582515);background-color:var(--nv-site-bg, #F6F4F2)\">GWV \/ SPI<br>228 \/ 2BHL<\/td><td style=\"text-align:center;border-color:var(--nv-dark-bg, #582515);background-color:var(--nv-site-bg, #F6F4F2)\">BWP1 \/ SCA<br>228 \/ 2BHL<\/td><td style=\"text-align:center;border-color:var(--nv-dark-bg, #582515);background-color:var(--nv-site-bg, #F6F4F2)\">E \/ KNZ<br>228 \/ 2BHL<\/td><\/tr><tr><td style=\"border-color:var(--nv-dark-bg, #582515);background-color:var(--nv-site-bg, #F6F4F2)\">12:50 &#8211; 13:40 <\/td><td style=\"text-align:center;border-color:var(--nv-dark-bg, #582515);background-color:var(--nv-site-bg, #F6F4F2)\">D \/ MMR<br>228 \/ 2BHL<\/td><td style=\"text-align:center;border-color:var(--nv-dark-bg, #582515);background-color:var(--nv-site-bg, #F6F4F2)\"><strong>DGF \/ HFR<\/strong><br>IN5 (K18)<br>2BHL<\/td><td style=\"text-align:center;border-color:var(--nv-dark-bg, #582515);background-color:var(--nv-site-bg, #F6F4F2)\"><br>REL \/ PRR<br>228 \/ 2BHL<\/td><td style=\"text-align:center;border-color:var(--nv-dark-bg, #582515);background-color:var(--nv-site-bg, #F6F4F2)\">BWP1 \/ SCA<br>228 \/ 2BHL<\/td><td style=\"text-align:center;border-color:var(--nv-dark-bg, #582515);background-color:var(--nv-site-bg, #F6F4F2)\">E \/ KNZ<br>228 \/ 2BHL<\/td><\/tr><tr><td style=\"border-color:var(--nv-dark-bg, #582515);background-color:var(--nv-site-bg, #F6F4F2)\">14:30 \u2013 15:20<\/td><td style=\"text-align:center;border-color:var(--nv-dark-bg, #582515);background-color:var(--nv-site-bg, #F6F4F2)\"><\/td><td style=\"text-align:center;border-color:var(--nv-dark-bg, #582515);background-color:var(--nv-site-bg, #F6F4F2)\">KMD1 \/ TIM<br>IN2 (K03) \/ 2BHL<\/td><td style=\"text-align:center;border-color:var(--nv-dark-bg, #582515);background-color:var(--nv-site-bg, #F6F4F2)\"><\/td><td style=\"text-align:center;border-color:var(--nv-dark-bg, #582515);background-color:var(--nv-site-bg, #F6F4F2)\"><\/td><td style=\"text-align:center;border-color:var(--nv-dark-bg, #582515);background-color:var(--nv-site-bg, #F6F4F2)\"><\/td><\/tr><tr><td style=\"border-color:var(--nv-dark-bg, #582515);background-color:var(--nv-site-bg, #F6F4F2)\">15:25 \u2013 16:15<\/td><td style=\"text-align:center;border-color:var(--nv-dark-bg, #582515);background-color:var(--nv-site-bg, #F6F4F2)\"><\/td><td style=\"text-align:center;border-color:var(--nv-dark-bg, #582515);background-color:var(--nv-site-bg, #F6F4F2)\">KMD1 \/ TIM<br>IN2 (K03) \/ 2BHL<\/td><td style=\"text-align:center;border-color:var(--nv-dark-bg, #582515);background-color:var(--nv-site-bg, #F6F4F2)\"><\/td><td style=\"text-align:center;border-color:var(--nv-dark-bg, #582515);background-color:var(--nv-site-bg, #F6F4F2)\"><\/td><td style=\"text-align:center;border-color:var(--nv-dark-bg, #582515);background-color:var(--nv-site-bg, #F6F4F2)\"><\/td><\/tr><tr><td style=\"border-color:var(--nv-dark-bg, #582515);background-color:var(--nv-site-bg, #F6F4F2)\">16:15 \u2013 17:05<\/td><td style=\"text-align:center;border-color:var(--nv-dark-bg, #582515);background-color:var(--nv-site-bg, #F6F4F2)\"><\/td><td style=\"text-align:center;border-color:var(--nv-dark-bg, #582515);background-color:var(--nv-site-bg, #F6F4F2)\">BSM \/ HAB<br>TH2 \/ 2BHL<\/td><td style=\"text-align:center;border-color:var(--nv-dark-bg, #582515);background-color:var(--nv-site-bg, #F6F4F2)\"><\/td><td style=\"text-align:center;border-color:var(--nv-dark-bg, #582515);background-color:var(--nv-site-bg, #F6F4F2)\"><\/td><td style=\"text-align:center;border-color:var(--nv-dark-bg, #582515);background-color:var(--nv-site-bg, #F6F4F2)\"><\/td><\/tr><tr><td style=\"border-color:var(--nv-dark-bg, #582515);background-color:var(--nv-site-bg, #F6F4F2)\">16:15 \u2013 17:55<\/td><td style=\"text-align:center;border-color:var(--nv-dark-bg, #582515);background-color:var(--nv-site-bg, #F6F4F2)\"><\/td><td style=\"text-align:center;border-color:var(--nv-dark-bg, #582515);background-color:var(--nv-site-bg, #F6F4F2)\">BSM \/ HAB<br>TH2 \/ 2BHL<\/td><td style=\"text-align:center;border-color:var(--nv-dark-bg, #582515);background-color:var(--nv-site-bg, #F6F4F2)\"><\/td><td style=\"text-align:center;border-color:var(--nv-dark-bg, #582515);background-color:var(--nv-site-bg, #F6F4F2)\"><\/td><td style=\"text-align:center;border-color:var(--nv-dark-bg, #582515);background-color:var(--nv-site-bg, #F6F4F2)\"><\/td><\/tr><\/tbody><\/table><\/figure>\n","protected":false},"excerpt":{"rendered":"<p>&#8222;Creativity is intelligence having fun.&#8220;\u2014 Albert Einstein My time-table (2nd grade)<\/p>\n","protected":false},"author":1,"featured_media":0,"parent":0,"menu_order":0,"comment_status":"closed","ping_status":"closed","template":"","meta":{"footnotes":""},"class_list":["post-144","page","type-page","status-publish","hentry"],"_links":{"self":[{"href":"https:\/\/eichhorn-lisa.web.kslinz.at\/wp25\/index.php\/wp-json\/wp\/v2\/pages\/144","targetHints":{"allow":["GET"]}}],"collection":[{"href":"https:\/\/eichhorn-lisa.web.kslinz.at\/wp25\/index.php\/wp-json\/wp\/v2\/pages"}],"about":[{"href":"https:\/\/eichhorn-lisa.web.kslinz.at\/wp25\/index.php\/wp-json\/wp\/v2\/types\/page"}],"author":[{"embeddable":true,"href":"https:\/\/eichhorn-lisa.web.kslinz.at\/wp25\/index.php\/wp-json\/wp\/v2\/users\/1"}],"replies":[{"embeddable":true,"href":"https:\/\/eichhorn-lisa.web.kslinz.at\/wp25\/index.php\/wp-json\/wp\/v2\/comments?post=144"}],"version-history":[{"count":10,"href":"https:\/\/eichhorn-lisa.web.kslinz.at\/wp25\/index.php\/wp-json\/wp\/v2\/pages\/144\/revisions"}],"predecessor-version":[{"id":469,"href":"https:\/\/eichhorn-lisa.web.kslinz.at\/wp25\/index.php\/wp-json\/wp\/v2\/pages\/144\/revisions\/469"}],"wp:attachment":[{"href":"https:\/\/eichhorn-lisa.web.kslinz.at\/wp25\/index.php\/wp-json\/wp\/v2\/media?parent=144"}],"curies":[{"name":"wp","href":"https:\/\/api.w.org\/{rel}","templated":true}]}}